h) - u(h). What is o(w)?
-12
Let d(s) be the third derivative of s**6/120 - s**5/30 - 3*s**4/8 + 7*s**3/6 + 4910*s**2 + 2. Calculate d(-5).
-123
Let x(m) be the second derivative of -m**8/672 - m**7/2520 + 11*m**4/12 - 5*m**2/2 + 2*m. Let p(r) be the third derivative of x(r). Calculate p(-1).
9
Let o = -29 + 31. Suppose 5*q - 6*q = -o*t - 10, t = 5*q - 14. Let n(a) = a - 2. Let y(d) = 2*d - 11. Let g(x) = -3*n(x) + y(x). Calculate g(t).
-1
Suppose -24 = -5*p + 1. Suppose 4*x + 5*a = -17, 14 = -6*x + 8*x - 2*a. Let y(u) = -2 + 6*u + 0*u**2 - u**x + 20 - 14. Give y(p).
9
Let z(l) = l**3 + 4*l**2 + 6*l - 8. Let r(g) = g**2 - 71*g - 906. Let q be r(-11). Calculate z(q).
-32
Let u be 6*((-133)/(-21) + -6). Let p(f) = -5 + 7*f + 2*f - u*f. Give p(6).
37
Let d(r) be the second derivative of -r**4/12 + 3*r**3/2 + 30*r**2 - 4*r - 31. Let l(b) be the first derivative of d(b). Calculate l(0).
9
Suppose -2*m + 3*o - 31 = 0, -40*m - o + 32 = -45*m. Let l(t) = t**3 + 4*t + 5*t**2 - 3 - 4*t. Calculate l(m).
-3
Let r = 15626 - 15593. Let k(n) = n**3 - 48*n**2 + 496*n - 31. What is k(r)?
2
Let w(x) = -11*x + 53. Let c(o) = -9*o + 42. Let y(k) = 5*c(k) - 4*w(k). Let n(j) = j**2 + 1. Let t be n(1). Give y(t).
-4
Let s(f) be the third derivative of 0*f + 0 - 11/6*f**3 + 1/12*f**4 + 103*f**2. What is s(8)?
5
Let c(w) = 2*w**3 - 5*w**2 + 2*w + 1. Suppose -666 = -653*s + 431*s. What is c(s)?
16
Suppose 71*n - 26 - 258 = 0. Let j(r) = 2*r**3 + 6*r**2 - 10*r + 2. Let p(m) = -5*m**3 - 12*m**2 + 21*m - 3. Let w(a) = -7*j(a) - 3*p(a). Calculate w(n).
-9
Let k(i) = i**3 + 7*i**2 + 7*i - 8. Suppose -2*h + 12 = 4. Suppose -12 = 3*a, h*a - 14 = t - 0*t. Let f = 24 + t. Determine k(f).
-14
Let a = -2 - -9. Let n(x) = -2*x**2 + 3 + 0*x**2 + x**2 + a*x. Let h(f) = -1493*f - 5965. Let m be h(-4). Give n(m).
3
Let k(h) = -34*h**3 + 0*h**2 + h**2 + 2427*h - 2435*h + 4. Let m(p) = -33*p**3 + p**2 - 6*p + 3. Let c(w) = 3*k(w) - 4*m(w). What is c(-1)?
-31
Suppose 2*b = y, y + 11 = 3*b + 12. Let l(q) be the third derivative of q**6/120 - q**5/60 - q**4/24 + q**3/6 + 22*q**2. Calculate l(y).
-9
Suppose -2 = -s, 5*k - 21 = -8*s + 10*s. Let f(m) = -11*m - 2*m**2 + 2*m + k*m + 5*m + 8. Determine f(-2).
-2
Let g = 63 - 58. Suppose 0 = g*t - 11 - 4. Suppose 5*o - 2*o + 3 = 0, 20 = -t*j + o. Let f(d) = d. Determine f(j).
-7
Let o(k) = 4*k - 12. Let n be o(-6). Let t = n + 40. Let m(b) = -b + 9. What is m(t)?
5
Let d(x) = 9*x + 25. Let u(n) be the third derivative of n**4/6 + n**3/6 - 242*n**2. Let q(v) = -d(v) + 2*u(v). Determine q(-23).
0
Let k(d) = -2*d**3 - 33*d**2 - 17*d - 12. Let j(u) = 16*u**3 + 88*u + 88. Let g be j(-1). What is k(g)?
4
Let f(p) be the first derivative of 1/3*p**3 + 165 + 5*p**2 + p. Determine f(-4).
-23
Let m be (3/9)/((-1)/(-39)) + -17 + 12. Let p(n) = 6*n**3 - 8*n**2 - n + 1. Let l(x) = 7*x**3 - 8*x**2 - x + 1. Let w(v) = -5*l(v) + 6*p(v). Determine w(m).
-7
Let s = -14 - -25. Let o(x) = 752*x**2 + 597*x - 584*x - 12 - 753*x**2. Calculate o(s).
10
Let w(k) = -14*k + 548. Let n(v) = -42*v + 1644. Let s(c) = 4*n(c) - 11*w(c). Calculate s(39).
2
Suppose 3*j - 4*x + 7*x = 66, -5*j + 110 = -2*x. Let f(w) = 278*w - 679. Let y(r) = 39*r - 95. Let s(a) = 8*f(a) - 57*y(a). Calculate s(j).
5
Let h(p) = p - 7. Let q = -1 - -1. Suppose -8 = -2*b - q. Suppose -3*g + b*r = -g + 2, -4*r = 3*g - 27. Determine h(g).
-2
Let b be 42/(-36) + 4 + 1/6. Suppose 9 = -0*m + 5*m + b*w, -4*m + 3*w = 9. Let j(v) = -2*v + v - 6 + 2. Give j(m).
-4
Suppose 0 = i + 2, 5*l - 5*i = l + 82. Let z(c) = c**2 + 38 - l - 15 + 3*c. Calculate z(-4).
9
Let q(d) be the second derivative of -2*d**3 + 5*d**2/2 - 7444*d. Determine q(-1).
17
Let n(o) = -8*o**2 + 9*o - 3. Let m be ((-20 + 25)/((-150)/(-20)))/(2/(-6)). Determine n(m).
-53
Let n(s) be the second derivative of s**4/12 - 13*s**3/6 + s**2 + 108*s + 11. What is n(9)?
-34
Suppose 3*b - 2*a = -482 + 471, -2*b = -5*a + 33. Let l(r) = 21*r - 7. What is l(b)?
14
Suppose -8 = -5*s + 2. Suppose -u - s*u = -12. Let q(i) = 7*i**2 - 552*i - 49. Let b(n) = -4*n**2 + 331*n + 29. Let g(z) = -5*b(z) - 3*q(z). What is g(u)?
-10
Let w(y) = 7*y**3 + 2*y**2 - 11*y - 12. Let s(j) = 4*j**3 + 2*j**2 - 7*j - 8. Let a(f) = -8*s(f) + 5*w(f). Determine a(2).
6
Let v = -21 - -23. Suppose 5*k = -25, -b + 13 = -v*b - 3*k. Suppose -b*r - 4 + 18 = 0. Let s(q) = -q**3 + 7*q**2 - 2*q + 8. What is s(r)?
-6
Let g(l) = 3*l + 27 + 5 + 3 + 4 - 37. Calculate g(6).
20
Suppose 5*u = -u + 84. Suppose 0*y - 2*y = -u. Let n(x) = 3 + 4*x**2 - y - 5*x - 3*x**2 - 2*x. What is n(8)?
4
Let p(g) = -g**2 - 9*g + 3. Suppose 0 = -2*j + 1 - 21. Let s(d) = 3*d**3 - 18*d**2 + 24*d + 4. Let f be s(2). Let l be f/(5 + -1)*j. Calculate p(l).
-7
Suppose -57*v + 115*v + 232 = 0. Let m(d) = -d**3 - 7*d**2 - 11*d + 9. Give m(v).
5
Let k(x) = -25*x - 276. Let y be k(-11). Let d be 5 + -10 + 13 + (-2 - y). Let b(n) = n**2 - 7*n - 9. Give b(d).
-9
Let f(j) be the second derivative of j**6/240 - j**5/30 + 9*j**4/4 - j**2 - 12*j. Let d(z) be the third derivative of f(z). Determine d(-7).
-25
Let b(o) = o**2 + 8*o - 8. Let r = -114 - -115. Let j be (r - -1)*(-945)/(-30). Let m be (-2)/((-3)/(j/(-6))). What is b(m)?
-15
Let f = -17 + 19. Let n be (-10)/35 + ((-222)/(-21))/f. Suppose -20 = 2*u - 4*u - 5*w, -4*w + 33 = n*u. Let p(s) = -3*s + 7. Calculate p(u).
-8
Let o(h) = h + 1. Let k be o(2). Let q(j) = -6*j. Let c(f) = 14*f. Let u be (20/25)/(4/30). Let r(t) = u*c(t) + 13*q(t). Determine r(k).
18
Let r(s) = 16*s**2 - 11*s - 14. Let x(t) = 3*t**2 - 4. Let a(n) = -r(n) + 5*x(n). Calculate a(6).
24
Let m(s) = s**3 + 18*s**2 + s + 8. Let v(l) = -79*l + 40. Let n be v(-10). Let w = n + -848. Calculate m(w).
-10
Suppose -2*m = -d + 458, -6*d + 10*d + m = 1805. Let q = d + -454. Let y(z) = 3*z**2 + 3*z + 1. What is y(q)?
7
Suppose 0 = -62504*b + 62502*b + 10. Let c(t) = t**2 + t - 26. Calculate c(b).
4
Let v(u) be the second derivative of -u**4/12 - 2*u**3/3 - 5*u**2 + 2061*u. Determine v(-13).
-127
Let r(w) = w**3 - 29*w**2 - 63*w + 37. Suppose 541*l - 589*l = -1488. Give r(l).
6
Let u(n) be the third derivative of -5/8*n**4 + 1/6*n**3 + 0 + 0*n - 3*n**2. Let h be (2 - (-14)/(-6))*-3. Calculate u(h).
-14
Let q(n) = n + 5. Let i = 111 + -56. Let x = -35 + i. Suppose -3*l + 8 = -s, x = -2*s - 3*s - 5*l. Determine q(s).
0
Suppose -p = 30 - 8. Let w be 4/(-22) + (-70)/p. Let c(t) = -409*t**3 - 4*t**2 + 4 + 3*t + 408*t**w - 2*t. Determine c(-4).
0
Let j = 256 + -258. Let y(g) = g**2 - 7*g - 8. Let i(a) = 4*a**2 - 19*a - 22. Let l(m) = j*i(m) + 7*y(m). Give l(-8).
12
Let h(q) = -7*q - 84. Suppose -23*z - 579 = 57 - 199. Determine h(z).
49
Let x(d) be the third derivative of -d**7/420 + d**5/120 - d**4/24 + d**2. Let m(l) be the second derivative of x(l). Let z = -6558 + 6559. What is m(z)?
-5
Let b be -5*(-4)/10 - -17. Let p = b - 16. Let m(j) = -3*j**3 + j**2 - 2*j. Let c(a) = -2*a**3 + a**2 - a. Let u(s) = -5*c(s) + 3*m(s). Determine u(p).
6
Let x(u) = u**3 + 11*u**2 - 27*u - 24. Suppose 93*k + 24*k - 2096 = -3617. What is x(k)?
-11
Let y(g) = -g**2 - 7*g + 20. Let f be y(-9). Suppose 4*z - f = 6. Let j(m) = 0*m - 8*m + 2*m**2 + 12 - z - m**2. What is j(7)?
3
Let f(a) be the second derivative of -7/2*a**3 + 0 + 1/2*a**2 - 7*a. Let d(h) = -h**2 - 16*h - 49. Let w be d(-12). What is f(w)?
22
Let y(k) = -k**2 + 3*k + 47. Suppose 47 + 8 = -9*u + g, 28 = -5*u - 2*g. What is y(u)?
-7
Let f(j) = j**3 + 6*j**2 - 9*j - 4. Let q be f(-7). Suppose -9*o + q*o - 5 = 0. Let l(h) be the third derivative of h**4/24 - h**3 - 2*h**2 - 47. Give l(o).
-1
Let c be 28/(((-6)/12)/((99/36)/(-11))). Let l(d) = -d**2 + 11*d + 22. Give l(c).
-20
Let g(k) = -2*k**3 - 55*k**2 + 29*k + 30. Let d be g(-28). Let s(h) = -422*h**2 + 5*h**3 + 2*h + 1 + 209*h**d + 214*h**2. Determine s(-1).
-5
Let q = 18010 + -18014. Let m(f) = 2*f**2 + 4*f - 10. What is m(q)?
6
Let o = 12006 + -12001. Let k(u) = 2*u**2 - 10*u + 4. Give k(o).
4
Let x(u) = u**2 + u - 2. Let k(q) = 2*q**2 - q + 1. Let s(r) = 6*r**2 - 4*r + 4. Let f(o) = -7*k(o) + 2*s(o). Let b(v) = -f(v) - x(v). What is b(-2)?
5
Suppose 2*q + 14 = 3*b, -b = -4*q + 3*q - 6. Suppose 34*p - 147 + 11 = 0. Let r(u) = -u - 2*u**2 + 0*u**2 + u**3 + 8 - p*u**b. Calculate r(6).
2
Suppose 71*g + y = 72*g + 2*y, 0 = -2*